{"id":14802,"date":"2026-04-29T16:47:35","date_gmt":"2026-04-29T14:47:35","guid":{"rendered":"https:\/\/www.hotel-versailles-chantiers.com\/offers\/offre-printemps-ete\/"},"modified":"2026-04-29T17:27:06","modified_gmt":"2026-04-29T15:27:06","slug":"oferta-primavera-verano","status":"publish","type":"offers","link":"https:\/\/www.hotel-versailles-chantiers.com\/es\/offers\/oferta-primavera-verano\/","title":{"rendered":"Primavera &#8211; Verano &#8211; 30%"},"content":{"rendered":"<h1>Oferta Primavera &#8211; Verano 2026: Versalles a Precio Suave<\/h1>\n<p>Disfrute de la primavera y el verano en Versalles con un <strong>30 % de descuento<\/strong> en el alojamiento.<\/p>\n<p>Ya sea para una escapada rom\u00e1ntica, una visita al palacio y sus jardines en flor, o simplemente un momento de descanso a dos pasos de Par\u00eds, el H\u00f4tel Versailles Chantiers le recibe a tarifa preferencial en fechas seleccionadas.<\/p>\n<p><strong>Periodos de estancia v\u00e1lidos:<\/strong><br \/>\n&#8211; Del 29 de abril al 3 de mayo de 2026<br \/>\n&#8211; Del 7 al 10 de mayo de 2026<br \/>\n&#8211; Del 13 al 17 de mayo de 2026<br \/>\n&#8211; Del 29 al 31 de mayo de 2026<br \/>\n&#8211; Del 31 de julio al 30 de agosto de 2026<\/p>\n<p><strong>Reserve antes del 3 de mayo de 2026<\/strong> directamente en nuestra web.<\/p>\n","protected":false},"featured_media":14780,"menu_order":10,"template":"","class_list":["post-14802","offers","type-offers","status-publish","has-post-thumbnail","hentry"],"acf":[],"_links":{"self":[{"href":"https:\/\/www.hotel-versailles-chantiers.com\/es\/wp-json\/wp\/v2\/offers\/14802","targetHints":{"allow":["GET"]}}],"collection":[{"href":"https:\/\/www.hotel-versailles-chantiers.com\/es\/wp-json\/wp\/v2\/offers"}],"about":[{"href":"https:\/\/www.hotel-versailles-chantiers.com\/es\/wp-json\/wp\/v2\/types\/offers"}],"wp:featuredmedia":[{"embeddable":true,"href":"https:\/\/www.hotel-versailles-chantiers.com\/es\/wp-json\/wp\/v2\/media\/14780"}],"wp:attachment":[{"href":"https:\/\/www.hotel-versailles-chantiers.com\/es\/wp-json\/wp\/v2\/media?parent=14802"}],"curies":[{"name":"wp","href":"https:\/\/api.w.org\/{rel}","templated":true}]}}

<h1>Oferta Primavera &#8211; Verano 2026: Versalles a Precio Suave</h1>
<p>Disfrute de la primavera y el verano en Versalles con un <strong>30 % de descuento</strong> en el alojamiento.</p>
<p>Ya sea para una escapada romántica, una visita al palacio y sus jardines en flor, o simplemente un momento de descanso a dos pasos de París, el Hôtel Versailles Chantiers le recibe a tarifa preferencial en fechas seleccionadas.</p>
<p><strong>Periodos de estancia válidos:</strong><br />
&#8211; Del 29 de abril al 3 de mayo de 2026<br />
&#8211; Del 7 al 10 de mayo de 2026<br />
&#8211; Del 13 al 17 de mayo de 2026<br />
&#8211; Del 29 al 31 de mayo de 2026<br />
&#8211; Del 31 de julio al 30 de agosto de 2026</p>
<p><strong>Reserve antes del 3 de mayo de 2026</strong> directamente en nuestra web.</p>
